8
Suppose -23*d = -18*d - 55. Suppose d - 14 = -z. Suppose 0*p = z*p - 381. What is the units digit of p?
7
Let m = 360 - 356. Suppose 5*d = -4*h + 3098, 2*h - 1322 - 230 = -m*d. What is the units digit of h?
2
Suppose -2*g + 1019 = -r, 4*r + 508 = 2*g - 508. What is the units digit of g?
0
Suppose -j - 2 = 0, -j - 1209 = -2*d + 395. What is the tens digit of d?
0
Suppose -25 = -5*n + 5*u, -11*u - 3 = -8*u. Let w(z) = 27*z + n*z**2 - 6 + 4*z - 7. What is the tens digit of w(-9)?
3
Let f be 2/22*-2 + (-3879)/(-99). Let z = f + -37. Suppose z*o - 240 = -7*c + 3*c, -5*c = 10. What is the hundreds digit of o?
1
Let p(d) = -d**2 + 318. Let g(o) = -o**2 - 6*o - 8. Let u be g(-4). Let q be p(u). Let z = q - 123. What is the units digit of z?
5
Suppose -895 - 949 = 2*c. Suppose -11*q + 14*q + 2*j + 111 = 0, -45 = q - 2*j. What is the hundreds digit of c/(-6) + (-13)/q?
1
Let s(v) = -6*v + 8. Let r be s(9). Let z be 65*(r/40 + (-6)/(-8)). Let c = z + 35. What is the units digit of c?
9
Let r(n) be the first derivative of -8 + 5/3*n**3 + 12*n + 3/2*n**2. What is the units digit of r(-4)?
0
Let x be 2/(-5) - ((-123)/(-5) + -9). What is the hundreds digit of -4*(-2)/x*-906?
4
Suppose -13*b - 126 = -19*b. Suppose 0 = y - 3*d + 6, -5*y - 4*d - 36 = 13. What is the tens digit of y/b - 2780/(-35)?
7
Let l be (-105 + 7)*1 + -4. Let m = l - -775. What is the hundreds digit of m?
6
Let u = -19 - -22. Suppose -h + u*b = -b + 2, h - b = 1. Let x(a) = 18*a**2 - a - 4. What is the tens digit of x(h)?
6
Let b = 5 - -43. Suppose 3*l = -2*u + 58, l + 2*u = 3*l - 22. Let o = l + b. What is the tens digit of o?
6
Let n be (20 - -6)*265/2. Suppose -n = -8*c + 3491. What is the units digit of c?
7
Let m(q) = 5*q**2 + 184*q - 20. What is the units digit of m(22)?
8
Let v(p) = -p**3 - 5*p**2 + 3*p + 17. Let t be v(-5). Suppose j + 0*j - 741 = -3*k, 5*k = -t*j + 1236. Let q = k - 156. What is the tens digit of q?
9
Let g = 338 + 806. Suppose -y = 4*y + t - g, 3*y - 5*t = 692. What is the hundreds digit of y?
2
Suppose 90838 - 21912 = 13*o. What is the hundreds digit of o?
3
Let d be (-1*4/(-8))/((-6)/(-10596)). Let j = d + -583. What is the units digit of j?
0
Suppose 7*c + 3 - 17 = 0. Suppose -2*d + 334 = d + 4*v, -c*d - v + 221 = 0. What is the tens digit of d?
1
Let c(x) = -x**2 - 9*x - 6. Let u be c(-7). What is the hundreds digit of (u/(-10))/(-7 - (-19304)/2760)?
1
Let m be (-1 - 209)*(-53 - (9 - 15)). Suppose 0 = 11*n - 32*n + m. What is the tens digit of n?
7
Let k = 106 + -105. Let i = 6 - k. Suppose -98 - 157 = -i*o - 5*b, -4*b = -4*o + 220. What is the units digit of o?
3
Let f(o) be the third derivative of -o**5/60 + 17*o**4/24 + 109*o**3/2 + 33*o**2. What is the hundreds digit of f(0)?
3
Let r(p) be the third derivative of 23/24*p**4 + 0*p + 30*p**2 + 0 - 29/6*p**3. What is the tens digit of r(7)?
3
What is the units digit of (-8)/(-10)*(-3 + 9*310843/234)?
2
Suppose -4*z + r + 227 = -200, 0 = 2*r - 10. What is the tens digit of 1/(-6) + 2/(z/56817)?
5
Let j(l) = 3*l**3 + l + 2. Let h be j(-1). What is the tens digit of -2*(h + 0)/(-4)*-290?
9
Let i = -40796 - -61538. What is the thousands digit of i?
0
Suppose 0 = 10*c - 22*c + 540. Suppose -c = 5*w - 3*y, 10 = -2*w + 3*y - 8. What is the units digit of -157*2/(-3) + w/(-27)?
5
Let j(r) = -r**3 - 25*r**2 - 59*r + 269. Let w be j(-21). Suppose -3*s = -5*g - 1117, -3*s + 4*g = s - 1476. Let h = s + w. What is the tens digit of h?
0
Suppose -65*k + 102*k = 115*k - 2719704. What is the units digit of k?
8
Let l = 1426 + -682. Suppose 4*s - 204 = l. What is the hundreds digit of s?
2
Suppose -3*m - 12*m = -180. What is the tens digit of m/42 + 5816/28?
0
Let n be (3 + 5)*1 + 6/(-2). Suppose 5*c + 3*x = 15, 0*x - n*x = c - 25. Suppose c = 5*z - 19 - 151. What is the tens digit of z?
3
Let i(n) = 792*n**3 + 5*n**2 + n - 1. What is the tens digit of i(2)?
5
Let k be (-10)/(-20)*(0 - 0). Suppose 8*c - 9*c = k. Suppose c*z + 29 = z. What is the units digit of z?
9
Let i(s) = s**3 + 15*s**2 - 4. Let x be i(-14). Suppose 12*u = 9*u + x. What is the units digit of u?
4
Suppose -11*d - 32 = -13*d. Let o(h) = 8*h + 79. What is the tens digit of o(d)?
0
Suppose -5*j = 2*v - 6951, -4*v - 2364 + 7932 = 4*j. What is the tens digit of j?
8
Let d = 117 + -81. Let a be 28 - (1/4 + d/(-16)). Let u = 32 - a. What is the units digit of u?
2
Let i be 79/7 + (-12)/42 + 0. Suppose -p = -2*o + 61, -118 + i = -4*o - 3*p. What is the units digit of o?
9
What is the tens digit of -390*(-2)/((-2)/5)*-1?
5
Let y(a) = -5*a + 8. Let v be y(-19). Suppose 5*j - 22 - v = 0. What is the tens digit of j?
2
Let i = 7 - -14. Suppose -3*a - 5*j + i = 0, j - 6*j + 25 = 5*a. Suppose a*w - 6 = -4. What is the units digit of w?
1
Suppose 14*s - 4*s = 50. Suppose -a = -s*h + a + 4047, -16 = -4*a. Suppose 4*g + 127 = h. What is the hundreds digit of g?
1
Let u = 15 - 27. Let l be 6 - -1*(u/4)/(-3). Suppose -2*s = -4*b - 3 - l, -5*s + 70 = -b. What is the units digit of s?
5
Let b be (1 + 1/2)*-4. Let r be (-21322)/546 - (-2)/39. Let q = b - r. What is the tens digit of q?
3
Let v(g) = -2*g**3 + 18*g**2 + 20*g + 3. Let w be v(10). Suppose -p + 1897 = 2*z + w*z, -2*z + 5*p + 748 = 0. What is the tens digit of z?
7
Let b(c) = 3*c**2 - 48*c + 3. Let u be b(16). Suppose -s + 6*s = 20. Suppose -j + 4*n = s*j - 399, -2*j = -u*n - 161. What is the tens digit of j?
7
Let s(o) = -10*o**3 - 60*o**2 + 72*o - 73. What is the thousands digit of s(-17)?
0
Let u(s) = -2*s**2 + 21*s - 12. Let m be u(9). Let b(c) = 15*c**2 + 14*c - 1. Let h be b(3). What is the hundreds digit of (h/5)/(m/75)?
1
Let j = -280 + 130. Let i(y) = -30*y - 503. Let b be i(-9). Let t = j - b. What is the units digit of t?
3
Suppose -110 + 190 = 10*g. Suppose 0 = -6*h + 2192 - g. What is the tens digit of h?
6
Let w = 16841 + 640. What is the hundreds digit of w?
4
Let w be (2 + 7/(-2))*(-4 + 0). Let f be (126/56)/(w/112). Suppose -5*s + 10 = 0, -5*s = -2*m + 278 - f. What is the tens digit of m?
2
Let d = 56 - 57. Let w be d*(-5 - (5 + -5)). Suppose 0 = o + o + y - 511, 4*o - w*y - 1043 = 0. What is the tens digit of o?
5
Suppose -27*o + 22*o = 50. Let w = 26 - o. What is the units digit of w - (3/(-4))/(13/(-52))?
3
Suppose 7 + 1 = 2*c. Suppose 2*z = -8, -c*i + i + 5*z + 20 = 0. What is the units digit of 560/(-6)*(18/(-15) + i)?
2
Let c = 51307 + -21592. What is the tens digit of c?
1
Let o = 157 - -56. Suppose 0 = -2*q - 4*f + 146, -4*f = 2*q + q - o. What is the units digit of q?
7
Let u(x) = -x**2 + 11*x - 34. Let m be u(6). What is the units digit of (366/m)/((7/(-1))/84)?
8
What is the tens digit of 900/(-540) - (-17576)/3?
5
Let u(f) = -304*f + 5230. What is the tens digit of u(5)?
1
Let o be ((-10)/4)/((-19)/38). Suppose -o*z = -25, -d + z + 752 + 318 = 0. What is the units digit of d?
5
Let a = -1957 - -3402. What is the tens digit of a?
4
Let t = 137 + -131. What is the units digit of (3/t)/((-3)/(-4296)*4)?
9
Suppose 64*z = 59*z + 35. Suppose 56 = -7*k + z. What is the hundreds digit of (1 + k/14)*(480 - 0)?
2
Let c(j) be the second derivative of 0 - 7/6*j**3 - 16*j - 19/2*j**2 - 13/12*j**4 + 1/20*j**5. What is the units digit of c(14)?
9
Let i be 12/(-30) + (-56)/10. What is the units digit of (-30)/(-20)*(-1544)/i?
6
Let f = -96242 + 137459. What is the units digit of f?
7
Suppose 0 = -g - 2*v + 10 - 0, -2*g = 3*v - 21. Suppose a + 5*n + g = 0, 8 = a + n + 4. What is the units digit of 7/(84/a) + 772/3?
8
Let h = -2793 - -2678. Let n be 224*2/(-2)*-1. Let q = h + n. What is the units digit of q?
9
Let g = 18 - 21. Let m be g/(4 + (-9)/2). What is the units digit of 0 - (m/(-4)*2 + -74)?
7
Let q be ((-676)/3 + -1)*-3. Let o = 86 + q. What is the units digit of o?
5
Let v = 8262 + -8261. Let b(d) = -d**2 - 6*d - 5. Let q be b(-5). What is the tens digit of (q + (187 - 2))*v?
8
Let c(y) = -y**3 + 3*y**2 + 2*y + 12. Let w be 8/20 + 18/5. Let n be c(w). Suppose 0 = -n*i + 933 - 373. What is the hundreds digit of i?
1
Let w(j) = -13 + 6 + 3*j - j**2 - 2*j**2 - j**3. Let s be w(3). Let l = s + 95. What is the tens digit of l?
4
Let z(c) = 2758*c**2 + 67*c + 63. What is the units digit of z(-1)?
4
Suppose -11*r + 8*r - 5*n = -70430, 0 = r - n - 23458. What is the units digit of r?
5
Let i = 1